factor of 5128 and 712.
8
What is the greatest common divisor of 51516 and 2592?
324
Calculate the highest common factor of 476424 and 3744.
936
What is the greatest common divisor of 77671 and 77?
11
Calculate the greatest common factor of 20 and 62508.
4
Calculate the greatest common factor of 77325 and 225.
75
What is the highest common factor of 95 and 162355?
95
Calculate the highest common factor of 223924 and 11951.
629
Calculate the greatest common divisor of 15531 and 7347.
93
What is the greatest common divisor of 139347 and 108?
27
Calculate the greatest common factor of 714588 and 336.
84
Calculate the highest common factor of 509628 and 168.
84
Calculate the highest common divisor of 112 and 131656.
56
Calculate the highest common factor of 496784 and 183.
61
What is the highest common factor of 7210 and 5?
5
Calculate the greatest common factor of 2886117 and 129.
129
What is the greatest common factor of 1615546 and 53?
53
Calculate the highest common factor of 26 and 44356.
26
What is the greatest common factor of 10 and 667285?
5
What is the highest common factor of 758 and 126965?
379
Calculate the highest common factor of 2544 and 301040.
848
What is the highest common factor of 179565 and 15?
15
Calculate the highest common factor of 350 and 941900.
50
What is the highest common divisor of 189 and 159138?
189
What is the greatest common factor of 2120 and 11554?
106
Calculate the greatest common divisor of 669152 and 704.
352
Calculate the greatest common factor of 58 and 1302216.
58
Calculate the greatest common factor of 301730 and 26.
26
What is the highest common factor of 138 and 2147418?
138
What is the highest common divisor of 10324 and 148?
4
Calculate the highest common factor of 2025 and 192051.
81
Calculate the greatest common factor of 5270 and 5146.
62
What is the greatest common divisor of 149479 and 97691?
1177
What is the greatest common factor of 76 and 31939?
19
What is the highest common factor of 1368006 and 1206?
402
What is the greatest common factor of 1570 and 10?
10
What is the greatest common divisor of 4551 and 4107?
111
What is the greatest common divisor of 1266 and 2140384?
422
Calculate the highest common factor of 6080 and 13224.
152
Calculate the greatest common factor of 88162 and 170.
34
What is the greatest common divisor of 868946 and 130?
26
Calculate the greatest common divisor of 1351109 and 1292.
323
Calculate the greatest common divisor of 2118116 and 23.
23
Calculate the greatest common factor of 154 and 12078.
22
What is the greatest common factor of 256 and 9368?
8
What is the greatest common divisor of 77 and 29183?
77
Calculate the highest common factor of 90 and 28245.
15
Calculate the greatest common factor of 5383801 and 31.
31
Calculate the highest common factor of 53516 and 11805.
787
What is the greatest common factor of 685767 and 908?
227
Calculate the highest common factor of 1 and 386456.
1
Calculate the greatest common divisor of 338 and 10150140.
338
What is the greatest common factor of 7535 and 475?
5
What is the greatest common divisor of 147965 and 505?
505
Calculate the highest common divisor of 72440 and 260.
20
Calculate the highest common divisor of 112676 and 153.
17
Calculate the highest common factor of 2931676 and 44.
44
Calculate the greatest common factor of 815157 and 1362.
681
Calculate the highest common divisor of 860047 and 136.
17
Calculate the highest common factor of 21760 and 20995.
85
What is the highest common factor of 124 and 102982?
62
Calculate the greatest common factor of 22520 and 8.
8
What is the greatest common factor of 13 and 21437?
13
What is the highest common divisor of 12 and 2606544?
12
What is the highest common divisor of 235080 and 720?
360
Calculate the highest common divisor of 200 and 96500.
100
Calculate the highest common divisor of 1932396 and 36.
12
What is the greatest common divisor of 222624 and 432?
144
Calculate the greatest common divisor of 48 and 49908.
12
What is the highest common factor of 84 and 894054?
42
Calculate the greatest common divisor of 64 and 181568.
64
Calculate the highest common factor of 1160 and 207176.
232
Calculate the highest common factor of 78 and 783770.
26
What is the highest common divisor of 122094 and 342?
342
Calculate the greatest common factor of 25400 and 600.
200
Calculate the highest common factor of 21362 and 2046.
22
Calculate the greatest common factor of 11 and 785411.
11
What is the highest common factor of 340949 and 371?
371
Calculate the greatest common divisor of 33055 and 5.
5
Calculate the highest common divisor of 15390 and 15580.
190
What is the highest common divisor of 14146 and 704?
22
Calculate the greatest common factor of 14015 and 10.
5
What is the greatest common divisor of 784 and 22?
2
Calculate the greatest common factor of 22 and 72149.
11
Calculate the greatest common divisor of 105 and 39630.
15
Calculate the greatest common factor of 168 and 219576.
168
Calculate the highest common factor of 19647 and 9971.
59
What is the greatest common factor of 2681 and 38300?
383
Calculate the greatest common factor of 555 and 19155.
15
What is the greatest common factor of 5064 and 61612?
844
Calculate the greatest common factor of 442 and 70694.
26
What is the greatest common divisor of 530 and 587770?
530
Calculate the highest common divisor of 346 and 513637.
173
Calculate the highest common factor of 393129 and 11.
11
What is the highest common divisor of 48168 and 16?
8
What is the greatest common divisor of 8150 and 10106?
326
Calculate the greatest common divisor of 2410268 and 472.
236
What is the highest common factor of 2365 and 1320?
55
Calculate the highest common divisor of 3473 and 2438.
23
Calculate the highest common factor of 25069 and 13717.
473
What is the greatest common factor of 352 and 330?
22
Calculate the highest common factor of 538641 and 9.
9
Calculate the greatest common divisor of 14910 and 7810.
710
Calculate the greatest common factor of 15 and 3178425.
15
Calculate the highest common divisor of 4344 and 92.
4
What is the highest common factor of 22880 and 22528?
352
Calculate the highest common factor of 1700 and 820.
20
What is the greatest common factor of 623705 and 790?
395
What is the greatest common divisor of 8684265 and 610?
305
Calculate the highest common divisor of 1051956 and 36.
36
What is the highest common factor of 195062 and 7?
7
Calculate the highest common factor of 663 and 3757.
221
What is the highest common divisor of 88 and 4270376?
88
What is the greatest common divisor of 135456 and 744?
24
What is the highest common divisor of 236 and 917509?
59
What is the greatest common divisor of 13034 and 5614?
14
Calculate the greatest common factor of 3 and 1368.
3
What is the greatest common factor of 94297 and 95?
19
What is the greatest common factor of 1490 and 10420?
10
Calculate the highest common divisor of 29419 and 11687.
403
What is the greatest common factor of 5803 and 3?
1
Calculate the greatest common factor of 69 and 320781.
69
Calculate the greatest common factor of 24 and 184488.
24
Calculate the highest common factor of 44042 and 122.
122
What is the greatest common divisor of 660 and 71907?
33
Calculate the greatest common factor of 367362 and 144.
18
What is the greatest common factor of 252262 and 2?
2
Calculate the highest common factor of 226 and 51754.
226
What is the greatest common factor of 3949 and 36977?
359
Calculate the highest common factor of 13392 and 24304.
496
Calculate the highest common factor of 96 and 1495968.
96
Calculate the greatest common divisor of 418 and 138757.
19
What is the greatest common divisor of 429180 and 4140?
1380
Calculate the greatest common divisor of 46 and 1967788.
46
What is the highest common divisor of 273 and 24141?
39
What is the highest common divisor of 590 and 23305?
295
Calculate the greatest common factor of 18 and 982050.
6
Calculate the greatest common factor of 18846 and 36994.
698
What is the greatest common divisor of 92 and 35466?
46
What is the greatest common factor of 3925 and 1525?
25
Calculate the highest common divisor of 156 and 11622.
78
What is the highest common divisor of 1482 and 212838?
114
What is the greatest c